{"id":18,"date":"2016-07-21T10:34:29","date_gmt":"2016-07-21T13:34:29","guid":{"rendered":"http:\/\/www.tintasolum.com.br\/site\/?page_id=18"},"modified":"2024-01-09T10:39:15","modified_gmt":"2024-01-09T13:39:15","slug":"sustentabilidade","status":"publish","type":"page","link":"http:\/\/www.tintasolum.com.br\/site\/sustentabilidade\/","title":{"rendered":"Sustentabilidade"},"content":{"rendered":"\t\t<div data-elementor-type=\"wp-page\" data-elementor-id=\"18\" class=\"elementor elementor-18\">\n\t\t\t\t\t\t<section class=\"elementor-section elementor-top-section elementor-element elementor-element-78b813a9 elementor-section-boxed elementor-section-height-default elementor-section-height-default\" data-id=\"78b813a9\" data-element_type=\"section\">\n\t\t\t\t\t\t<div class=\"elementor-container elementor-column-gap-default\">\n\t\t\t\t\t<div class=\"elementor-column elementor-col-100 elementor-top-column elementor-element elementor-element-5c3081d4\" data-id=\"5c3081d4\" data-element_type=\"column\">\n\t\t\t<div class=\"elementor-widget-wrap elementor-element-populated\">\n\t\t\t\t\t\t<div class=\"elementor-element elementor-element-f07512a elementor-arrows-position-inside elementor-pagination-position-outside elementor-widget elementor-widget-image-carousel\" data-id=\"f07512a\" data-element_type=\"widget\" data-settings=\"{&quot;slides_to_show&quot;:&quot;1&quot;,&quot;navigation&quot;:&quot;both&quot;,&quot;autoplay&quot;:&quot;yes&quot;,&quot;pause_on_hover&quot;:&quot;yes&quot;,&quot;pause_on_interaction&quot;:&quot;yes&quot;,&quot;autoplay_speed&quot;:5000,&quot;infinite&quot;:&quot;yes&quot;,&quot;effect&quot;:&quot;slide&quot;,&quot;speed&quot;:500}\" data-widget_type=\"image-carousel.default\">\n\t\t\t\t<div class=\"elementor-widget-container\">\n\t\t\t<style>\/*! elementor - v3.21.0 - 20-05-2024 *\/\n.elementor-widget-image-carousel .swiper,.elementor-widget-image-carousel .swiper-container{position:static}.elementor-widget-image-carousel .swiper-container .swiper-slide figure,.elementor-widget-image-carousel .swiper .swiper-slide figure{line-height:inherit}.elementor-widget-image-carousel .swiper-slide{text-align:center}.elementor-image-carousel-wrapper:not(.swiper-container-initialized):not(.swiper-initialized) .swiper-slide{max-width:calc(100% \/ var(--e-image-carousel-slides-to-show, 3))}<\/style>\t\t<div class=\"elementor-image-carousel-wrapper swiper\" dir=\"ltr\">\n\t\t\t<div class=\"elementor-image-carousel swiper-wrapper\" aria-live=\"off\">\n\t\t\t\t\t\t\t\t<div class=\"swiper-slide\" role=\"group\" aria-roledescription=\"slide\" aria-label=\"1 de 3\"><figure class=\"swiper-slide-inner\"><img decoding=\"async\" class=\"swiper-slide-image\" src=\"http:\/\/www.tintasolum.com.br\/site\/wp-content\/uploads\/2024\/01\/P1050061-768x576.jpg\" alt=\"Jazida\" \/><\/figure><\/div><div class=\"swiper-slide\" role=\"group\" aria-roledescription=\"slide\" aria-label=\"2 de 3\"><figure class=\"swiper-slide-inner\"><img decoding=\"async\" class=\"swiper-slide-image\" src=\"http:\/\/www.tintasolum.com.br\/site\/wp-content\/uploads\/2024\/01\/Cafe-Octavio-6-768x509.jpg\" alt=\"Caf\u00e9 Oct\u00e1vio\" \/><\/figure><\/div><div class=\"swiper-slide\" role=\"group\" aria-roledescription=\"slide\" aria-label=\"3 de 3\"><figure class=\"swiper-slide-inner\"><img decoding=\"async\" class=\"swiper-slide-image\" src=\"http:\/\/www.tintasolum.com.br\/site\/wp-content\/uploads\/2024\/01\/Pousada-do-Porto-MG-768x576.jpg\" alt=\"Pousada do Porto MG\" \/><\/figure><\/div>\t\t\t<\/div>\n\t\t\t\t\t\t\t\t\t\t\t\t<div class=\"elementor-swiper-button elementor-swiper-button-prev\" role=\"button\" tabindex=\"0\">\n\t\t\t\t\t\t<i aria-hidden=\"true\" class=\"eicon-chevron-left\"><\/i>\t\t\t\t\t<\/div>\n\t\t\t\t\t<div class=\"elementor-swiper-button elementor-swiper-button-next\" role=\"button\" tabindex=\"0\">\n\t\t\t\t\t\t<i aria-hidden=\"true\" class=\"eicon-chevron-right\"><\/i>\t\t\t\t\t<\/div>\n\t\t\t\t\n\t\t\t\t\t\t\t\t\t<div class=\"swiper-pagination\"><\/div>\n\t\t\t\t\t\t\t\t\t<\/div>\n\t\t\t\t<\/div>\n\t\t\t\t<\/div>\n\t\t\t\t<div class=\"elementor-element elementor-element-b5dac3c elementor-widget elementor-widget-spacer\" data-id=\"b5dac3c\" data-element_type=\"widget\" data-widget_type=\"spacer.default\">\n\t\t\t\t<div class=\"elementor-widget-container\">\n\t\t\t<style>\/*! elementor - v3.21.0 - 20-05-2024 *\/\n.elementor-column .elementor-spacer-inner{height:var(--spacer-size)}.e-con{--container-widget-width:100%}.e-con-inner>.elementor-widget-spacer,.e-con>.elementor-widget-spacer{width:var(--container-widget-width,var(--spacer-size));--align-self:var(--container-widget-align-self,initial);--flex-shrink:0}.e-con-inner>.elementor-widget-spacer>.elementor-widget-container,.e-con>.elementor-widget-spacer>.elementor-widget-container{height:100%;width:100%}.e-con-inner>.elementor-widget-spacer>.elementor-widget-container>.elementor-spacer,.e-con>.elementor-widget-spacer>.elementor-widget-container>.elementor-spacer{height:100%}.e-con-inner>.elementor-widget-spacer>.elementor-widget-container>.elementor-spacer>.elementor-spacer-inner,.e-con>.elementor-widget-spacer>.elementor-widget-container>.elementor-spacer>.elementor-spacer-inner{height:var(--container-widget-height,var(--spacer-size))}.e-con-inner>.elementor-widget-spacer.elementor-widget-empty,.e-con>.elementor-widget-spacer.elementor-widget-empty{position:relative;min-height:22px;min-width:22px}.e-con-inner>.elementor-widget-spacer.elementor-widget-empty .elementor-widget-empty-icon,.e-con>.elementor-widget-spacer.elementor-widget-empty .elementor-widget-empty-icon{position:absolute;top:0;bottom:0;left:0;right:0;margin:auto;padding:0;width:22px;height:22px}<\/style>\t\t<div class=\"elementor-spacer\">\n\t\t\t<div class=\"elementor-spacer-inner\"><\/div>\n\t\t<\/div>\n\t\t\t\t<\/div>\n\t\t\t\t<\/div>\n\t\t\t\t\t<\/div>\n\t\t<\/div>\n\t\t\t\t\t<\/div>\n\t\t<\/section>\n\t\t\t\t<section class=\"elementor-section elementor-top-section elementor-element elementor-element-a3752f1 elementor-section-boxed elementor-section-height-default elementor-section-height-default\" data-id=\"a3752f1\" data-element_type=\"section\">\n\t\t\t\t\t\t<div class=\"elementor-container elementor-column-gap-default\">\n\t\t\t\t\t<div class=\"elementor-column elementor-col-100 elementor-top-column elementor-element elementor-element-4f10f49\" data-id=\"4f10f49\" data-element_type=\"column\">\n\t\t\t<div class=\"elementor-widget-wrap elementor-element-populated\">\n\t\t\t\t\t\t<div class=\"elementor-element elementor-element-f434bcc elementor-widget elementor-widget-text-editor\" data-id=\"f434bcc\" data-element_type=\"widget\" data-widget_type=\"text-editor.default\">\n\t\t\t\t<div class=\"elementor-widget-container\">\n\t\t\t<style>\/*! elementor - v3.21.0 - 20-05-2024 *\/\n.elementor-widget-text-editor.elementor-drop-cap-view-stacked .elementor-drop-cap{background-color:#69727d;color:#fff}.elementor-widget-text-editor.elementor-drop-cap-view-framed .elementor-drop-cap{color:#69727d;border:3px solid;background-color:transparent}.elementor-widget-text-editor:not(.elementor-drop-cap-view-default) .elementor-drop-cap{margin-top:8px}.elementor-widget-text-editor:not(.elementor-drop-cap-view-default) .elementor-drop-cap-letter{width:1em;height:1em}.elementor-widget-text-editor .elementor-drop-cap{float:left;text-align:center;line-height:1;font-size:50px}.elementor-widget-text-editor .elementor-drop-cap-letter{display:inline-block}<\/style>\t\t\t\t<blockquote><p><span style=\"letter-spacing: 0.2px;\">Sustentabilidade define o conjunto de atividades humanas para suprir as suas pr\u00f3prias necessidades, sem que se comprometa o futuro das pr\u00f3ximas gera\u00e7\u00f5es. Trata-se de empreender e realizar o desenvolvimento (econ\u00f4mico e material) utilizando recursos naturais de forma inteligente, sem agredir o meio ambiente.<\/span><\/p><\/blockquote>\t\t\t\t\t\t<\/div>\n\t\t\t\t<\/div>\n\t\t\t\t<div class=\"elementor-element elementor-element-09c6fd6 elementor-widget elementor-widget-spacer\" data-id=\"09c6fd6\" data-element_type=\"widget\" data-widget_type=\"spacer.default\">\n\t\t\t\t<div class=\"elementor-widget-container\">\n\t\t\t\t\t<div class=\"elementor-spacer\">\n\t\t\t<div class=\"elementor-spacer-inner\"><\/div>\n\t\t<\/div>\n\t\t\t\t<\/div>\n\t\t\t\t<\/div>\n\t\t\t\t\t<\/div>\n\t\t<\/div>\n\t\t\t\t\t<\/div>\n\t\t<\/section>\n\t\t\t\t<section class=\"elementor-section elementor-top-section elementor-element elementor-element-cc17b5c elementor-section-boxed elementor-section-height-default elementor-section-height-default\" data-id=\"cc17b5c\" data-element_type=\"section\">\n\t\t\t\t\t\t<div class=\"elementor-container elementor-column-gap-default\">\n\t\t\t\t\t<div class=\"elementor-column elementor-col-100 elementor-top-column elementor-element elementor-element-07fdb67\" data-id=\"07fdb67\" data-element_type=\"column\">\n\t\t\t<div class=\"elementor-widget-wrap elementor-element-populated\">\n\t\t\t\t\t\t<div class=\"elementor-element elementor-element-9c7820f elementor-widget elementor-widget-text-editor\" data-id=\"9c7820f\" data-element_type=\"widget\" data-widget_type=\"text-editor.default\">\n\t\t\t\t<div class=\"elementor-widget-container\">\n\t\t\t\t\t\t\t<p style=\"margin-bottom: 20px;\">Ambientalmente sustent\u00e1vel, a TINTA ECOL\u00d3GICA SOLUM \u00e9 produto de processo f\u00edsico, sem auxilio de meio qu\u00edmico e com baixo uso de energia. N\u00e3o h\u00e1 emiss\u00f5es t\u00f3xicas antes, durante ou mesmo depois de sua produ\u00e7\u00e3o e os seus res\u00edduos n\u00e3o poluem o meio ambiente, retornando \u00e0 terra ao completar seu ciclo de vida.<\/p>\t\t\t\t\t\t<\/div>\n\t\t\t\t<\/div>\n\t\t\t\t\t<\/div>\n\t\t<\/div>\n\t\t\t\t\t<\/div>\n\t\t<\/section>\n\t\t\t\t<section class=\"elementor-section elementor-top-section elementor-element elementor-element-197210c elementor-section-boxed elementor-section-height-default elementor-section-height-default\" data-id=\"197210c\" data-element_type=\"section\">\n\t\t\t\t\t\t<div class=\"elementor-container elementor-column-gap-default\">\n\t\t\t\t\t<div class=\"elementor-column elementor-col-100 elementor-top-column elementor-element elementor-element-abc6345\" data-id=\"abc6345\" data-element_type=\"column\">\n\t\t\t<div class=\"elementor-widget-wrap elementor-element-populated\">\n\t\t\t\t\t\t<div class=\"elementor-element elementor-element-65e27ed elementor-widget elementor-widget-text-editor\" data-id=\"65e27ed\" data-element_type=\"widget\" data-widget_type=\"text-editor.default\">\n\t\t\t\t<div class=\"elementor-widget-container\">\n\t\t\t\t\t\t\t<p>Caracter\u00edsticas:<\/p><ul><li>Base \u00e1gua.<\/li><li>Pontua para a CERTIFICA\u00c7\u00c3O LEED.<\/li><li>Cores intensas, mat\u00e9ria prima e pigmento pura e natural.<\/li><li>Resistente \u00e0 a\u00e7\u00e3o do tempo: sol, vento, chuvas, frio e calor. Longa durabilidade.<\/li><li>Reduz a ocorr\u00eancia de mofos e bolores, pois permite que umidade interna ao substrato seja trocada com o ambiente externo, deixando a parede \u201crespirar\u201d.<\/li><li>Sem cheiro, at\u00f3xica e n\u00e3o causa alergias.<\/li><li>Torna o ambiente mais ac\u00fastico.<\/li><li>Dispensa massa corrida e com isto gera economia de material, m\u00e3o de obra e tempo.<\/li><li>Ecol\u00f3gica. Indice de VOC\u2019S: As Tintas Solum apresentam teores menores que 2 microgramas por litro, conforme resultados obtidos em an\u00e1lises segundo m\u00e9todo EPA8260B, atendendo as normas GS11, Rule 1168\/1113. Resultados completos:\u00a0<a href=\"https:\/\/www.tasqa.com.br\/conteudo\/autenticidade\/\" target=\"_blank\" rel=\"noopener\">www.tasqa.com.br\/conteudo\/autenticidade<\/a><\/li><li>Demanda apenas \u00e1gua na limpeza final, evitando o uso de produtos qu\u00edmicos.<\/li><li>Embalagem \u00e9 recicl\u00e1vel e REUTILIZ\u00c1VEL.<\/li><\/ul>\t\t\t\t\t\t<\/div>\n\t\t\t\t<\/div>\n\t\t\t\t<div class=\"elementor-element elementor-element-7579b50 elementor-widget elementor-widget-spacer\" data-id=\"7579b50\" data-element_type=\"widget\" data-widget_type=\"spacer.default\">\n\t\t\t\t<div class=\"elementor-widget-container\">\n\t\t\t\t\t<div class=\"elementor-spacer\">\n\t\t\t<div class=\"elementor-spacer-inner\"><\/div>\n\t\t<\/div>\n\t\t\t\t<\/div>\n\t\t\t\t<\/div>\n\t\t\t\t\t<\/div>\n\t\t<\/div>\n\t\t\t\t\t<\/div>\n\t\t<\/section>\n\t\t\t\t<section class=\"elementor-section elementor-top-section elementor-element elementor-element-140ca07 elementor-section-boxed elementor-section-height-default elementor-section-height-default\" data-id=\"140ca07\" data-element_type=\"section\">\n\t\t\t\t\t\t<div class=\"elementor-container elementor-column-gap-default\">\n\t\t\t\t\t<div class=\"elementor-column elementor-col-100 elementor-top-column elementor-element elementor-element-7809ef1\" data-id=\"7809ef1\" data-element_type=\"column\">\n\t\t\t<div class=\"elementor-widget-wrap elementor-element-populated\">\n\t\t\t\t\t\t<div class=\"elementor-element elementor-element-92a9d9d elementor-widget elementor-widget-image\" data-id=\"92a9d9d\" data-element_type=\"widget\" data-widget_type=\"image.default\">\n\t\t\t\t<div class=\"elementor-widget-container\">\n\t\t\t<style>\/*! elementor - v3.21.0 - 20-05-2024 *\/\n.elementor-widget-image{text-align:center}.elementor-widget-image a{display:inline-block}.elementor-widget-image a img[src$=\".svg\"]{width:48px}.elementor-widget-image img{vertical-align:middle;display:inline-block}<\/style>\t\t\t\t\t\t\t\t\t\t\t<a href=\"http:\/\/www.tintasolum.com.br\/site\/revestimento\/\">\n\t\t\t\t\t\t\t<img fetchpriority=\"high\" decoding=\"async\" width=\"1024\" height=\"205\" src=\"http:\/\/www.tintasolum.com.br\/site\/wp-content\/uploads\/2023\/12\/Design-sem-nome-1-1024x205.png\" class=\"attachment-large size-large wp-image-1066\" alt=\"\" srcset=\"http:\/\/www.tintasolum.com.br\/site\/wp-content\/uploads\/2023\/12\/Design-sem-nome-1-1024x205.png 1024w, http:\/\/www.tintasolum.com.br\/site\/wp-content\/uploads\/2023\/12\/Design-sem-nome-1-300x60.png 300w, http:\/\/www.tintasolum.com.br\/site\/wp-content\/uploads\/2023\/12\/Design-sem-nome-1-768x154.png 768w, http:\/\/www.tintasolum.com.br\/site\/wp-content\/uploads\/2023\/12\/Design-sem-nome-1-1536x307.png 1536w, http:\/\/www.tintasolum.com.br\/site\/wp-content\/uploads\/2023\/12\/Design-sem-nome-1-2048x410.png 2048w\" sizes=\"(max-width: 1024px) 100vw, 1024px\" \/>\t\t\t\t\t\t\t\t<\/a>\n\t\t\t\t\t\t\t\t\t\t\t\t\t<\/div>\n\t\t\t\t<\/div>\n\t\t\t\t\t<\/div>\n\t\t<\/div>\n\t\t\t\t\t<\/div>\n\t\t<\/section>\n\t\t\t\t<\/div>\n\t\t","protected":false},"excerpt":{"rendered":"<div class=\"slide-text-bg2\"><span>Sustentabilidade define o conjunto de atividades humanas para suprir as suas pr\u00f3prias necessidades, sem que se comprometa o futuro das pr\u00f3ximas gera\u00e7\u00f5e<\/span><\/div>\n<div class=\"slide-btn-area-sm\"><a href=\"http:\/\/www.tintasolum.com.br\/site\/sustentabilidade\/\" class=\"slide-btn-sm\">Ler mais<\/a><\/div>\n","protected":false},"author":1,"featured_media":0,"parent":0,"menu_order":0,"comment_status":"closed","ping_status":"closed","template":"fullwidth.php","meta":{"footnotes":""},"_links":{"self":[{"href":"http:\/\/www.tintasolum.com.br\/site\/wp-json\/wp\/v2\/pages\/18"}],"collection":[{"href":"http:\/\/www.tintasolum.com.br\/site\/wp-json\/wp\/v2\/pages"}],"about":[{"href":"http:\/\/www.tintasolum.com.br\/site\/wp-json\/wp\/v2\/types\/page"}],"author":[{"embeddable":true,"href":"http:\/\/www.tintasolum.com.br\/site\/wp-json\/wp\/v2\/users\/1"}],"replies":[{"embeddable":true,"href":"http:\/\/www.tintasolum.com.br\/site\/wp-json\/wp\/v2\/comments?post=18"}],"version-history":[{"count":29,"href":"http:\/\/www.tintasolum.com.br\/site\/wp-json\/wp\/v2\/pages\/18\/revisions"}],"predecessor-version":[{"id":1140,"href":"http:\/\/www.tintasolum.com.br\/site\/wp-json\/wp\/v2\/pages\/18\/revisions\/1140"}],"wp:attachment":[{"href":"http:\/\/www.tintasolum.com.br\/site\/wp-json\/wp\/v2\/media?parent=18"}],"curies":[{"name":"wp","href":"https:\/\/api.w.org\/{rel}","templated":true}]}}