{"id":325,"date":"2016-09-21T15:19:16","date_gmt":"2016-09-21T18:19:16","guid":{"rendered":"http:\/\/www.tintasolum.com.br\/site\/?page_id=325"},"modified":"2023-12-15T16:07:25","modified_gmt":"2023-12-15T19:07:25","slug":"fundo-preparador-2","status":"publish","type":"page","link":"http:\/\/www.tintasolum.com.br\/site\/fundo-preparador-2\/","title":{"rendered":"Fundo Preparador"},"content":{"rendered":"\t\t<div data-elementor-type=\"wp-page\" data-elementor-id=\"325\" class=\"elementor elementor-325\">\n\t\t\t\t\t\t<section class=\"elementor-section elementor-top-section elementor-element elementor-element-f46a602 elementor-section-boxed elementor-section-height-default elementor-section-height-default\" data-id=\"f46a602\" data-element_type=\"section\">\n\t\t\t\t\t\t<div class=\"elementor-container elementor-column-gap-default\">\n\t\t\t\t\t<div class=\"elementor-column elementor-col-100 elementor-top-column elementor-element elementor-element-e11ac5a\" data-id=\"e11ac5a\" data-element_type=\"column\">\n\t\t\t<div class=\"elementor-widget-wrap\">\n\t\t\t\t\t\t\t<\/div>\n\t\t<\/div>\n\t\t\t\t\t<\/div>\n\t\t<\/section>\n\t\t\t\t<section class=\"elementor-section elementor-top-section elementor-element elementor-element-50c22af elementor-section-boxed elementor-section-height-default elementor-section-height-default\" data-id=\"50c22af\" data-element_type=\"section\">\n\t\t\t\t\t\t<div class=\"elementor-container elementor-column-gap-default\">\n\t\t\t\t\t<div class=\"elementor-column elementor-col-50 elementor-top-column elementor-element elementor-element-dd4ceed\" data-id=\"dd4ceed\" data-element_type=\"column\">\n\t\t\t<div class=\"elementor-widget-wrap elementor-element-populated\">\n\t\t\t\t\t\t<div class=\"elementor-element elementor-element-60a5b76 elementor-widget elementor-widget-image\" data-id=\"60a5b76\" data-element_type=\"widget\" data-widget_type=\"image.default\">\n\t\t\t\t<div class=\"elementor-widget-container\">\n\t\t\t<style>\/*! elementor - v3.21.0 - 20-05-2024 *\/\n.elementor-widget-image{text-align:center}.elementor-widget-image a{display:inline-block}.elementor-widget-image a img[src$=\".svg\"]{width:48px}.elementor-widget-image img{vertical-align:middle;display:inline-block}<\/style>\t\t\t\t\t\t\t\t\t\t<img fetchpriority=\"high\" decoding=\"async\" width=\"576\" height=\"1024\" src=\"http:\/\/www.tintasolum.com.br\/site\/wp-content\/uploads\/2023\/12\/WhatsApp-Image-2023-12-07-at-19.03.52-1.jpeg\" class=\"attachment-large size-large wp-image-976\" alt=\"\" srcset=\"http:\/\/www.tintasolum.com.br\/site\/wp-content\/uploads\/2023\/12\/WhatsApp-Image-2023-12-07-at-19.03.52-1.jpeg 576w, http:\/\/www.tintasolum.com.br\/site\/wp-content\/uploads\/2023\/12\/WhatsApp-Image-2023-12-07-at-19.03.52-1-169x300.jpeg 169w\" sizes=\"(max-width: 576px) 100vw, 576px\" \/>\t\t\t\t\t\t\t\t\t\t\t\t\t<\/div>\n\t\t\t\t<\/div>\n\t\t\t\t\t<\/div>\n\t\t<\/div>\n\t\t\t\t<div class=\"elementor-column elementor-col-50 elementor-top-column elementor-element elementor-element-a0d3c3a\" data-id=\"a0d3c3a\" data-element_type=\"column\">\n\t\t\t<div class=\"elementor-widget-wrap elementor-element-populated\">\n\t\t\t\t\t\t<div class=\"elementor-element elementor-element-2fd947c elementor-widget elementor-widget-text-editor\" data-id=\"2fd947c\" data-element_type=\"widget\" data-widget_type=\"text-editor.default\">\n\t\t\t\t<div class=\"elementor-widget-container\">\n\t\t\t<style>\/*! elementor - v3.21.0 - 20-05-2024 *\/\n.elementor-widget-text-editor.elementor-drop-cap-view-stacked .elementor-drop-cap{background-color:#69727d;color:#fff}.elementor-widget-text-editor.elementor-drop-cap-view-framed .elementor-drop-cap{color:#69727d;border:3px solid;background-color:transparent}.elementor-widget-text-editor:not(.elementor-drop-cap-view-default) .elementor-drop-cap{margin-top:8px}.elementor-widget-text-editor:not(.elementor-drop-cap-view-default) .elementor-drop-cap-letter{width:1em;height:1em}.elementor-widget-text-editor .elementor-drop-cap{float:left;text-align:center;line-height:1;font-size:50px}.elementor-widget-text-editor .elementor-drop-cap-letter{display:inline-block}<\/style>\t\t\t\t<ul>\n<li>O Fundo Preparador Solum deve ser bem batido (n\u00e3o deixar pelotas e restos no fundo do balde) para n\u00e3o prejudicar a aplica\u00e7\u00e3o ou dificultar o trabalho do pr\u00f3prio aplicador.<\/li>\n<\/ul>\n<div><span style=\"color: #727272;\">&nbsp;<\/span><\/div>\n<ul>\n<li>Limpar a parede para remover a poeira, lixa\u00e7\u00e3o ou sujidades como mofos (c\u00e2ndida ou cloro), gordura ou graxa (detergente).&nbsp;<\/li>\n<\/ul>\n<div><span style=\"color: #727272;\">&nbsp;<\/span><\/div>\n<ul>\n<li>Regularizar e desempenar a parede, retirando marcas de desempenadeira e imperfei\u00e7\u00f5es da argamassa. Verificar e sanar presen\u00e7a de umidade.<\/li>\n<\/ul>\n<div><span style=\"color: #727272;\">&nbsp;<\/span><\/div>\n<ul>\n<li>Aplicar o fundo preparador depois de misturar bem usando o rolo de l\u00e3. O produto seca r\u00e1pido e deixa a parede esbranqui\u00e7ada.&nbsp;<\/li><\/ul><div><font color=\"#727272\"><br><\/font><\/div><ul><li>O Fundo Solum pode ser tonalizado com o revestimento escolhido, j\u00e1 bem batido, misturando bem os dois produtos.<br>Ex: 9L do Fundo Preparador Solum + 1L do Revestimento Solum da cor escolhida.<\/li>\n<\/ul>\n<div><span style=\"color: #727272;\">&nbsp;<\/span><\/div>\n<ul>\n<li>Ap\u00f3s a secagem, entre uma e duas horas, aplicar a primeira dem\u00e3o do revestimento e a segunda no dia seguinte.&nbsp;<\/li><\/ul><div><font color=\"#727272\"><br><\/font><\/div><ul><li>Um balde de Fundo Preparador de 18L rende de 60 \u00e0 70m\u00b2.<br><\/li>\n<\/ul>\t\t\t\t\t\t<\/div>\n\t\t\t\t<\/div>\n\t\t\t\t\t<\/div>\n\t\t<\/div>\n\t\t\t\t\t<\/div>\n\t\t<\/section>\n\t\t\t\t<section class=\"elementor-section elementor-top-section elementor-element elementor-element-c4c8174 elementor-section-boxed elementor-section-height-default elementor-section-height-default\" data-id=\"c4c8174\" data-element_type=\"section\">\n\t\t\t\t\t\t<div class=\"elementor-container elementor-column-gap-default\">\n\t\t\t\t\t<div class=\"elementor-column elementor-col-100 elementor-top-column elementor-element elementor-element-777a58c\" data-id=\"777a58c\" data-element_type=\"column\">\n\t\t\t<div class=\"elementor-widget-wrap elementor-element-populated\">\n\t\t\t\t\t\t<div class=\"elementor-element elementor-element-aa2559c elementor-widget elementor-widget-spacer\" data-id=\"aa2559c\" data-element_type=\"widget\" data-widget_type=\"spacer.default\">\n\t\t\t\t<div class=\"elementor-widget-container\">\n\t\t\t<style>\/*! elementor - v3.21.0 - 20-05-2024 *\/\n.elementor-column .elementor-spacer-inner{height:var(--spacer-size)}.e-con{--container-widget-width:100%}.e-con-inner>.elementor-widget-spacer,.e-con>.elementor-widget-spacer{width:var(--container-widget-width,var(--spacer-size));--align-self:var(--container-widget-align-self,initial);--flex-shrink:0}.e-con-inner>.elementor-widget-spacer>.elementor-widget-container,.e-con>.elementor-widget-spacer>.elementor-widget-container{height:100%;width:100%}.e-con-inner>.elementor-widget-spacer>.elementor-widget-container>.elementor-spacer,.e-con>.elementor-widget-spacer>.elementor-widget-container>.elementor-spacer{height:100%}.e-con-inner>.elementor-widget-spacer>.elementor-widget-container>.elementor-spacer>.elementor-spacer-inner,.e-con>.elementor-widget-spacer>.elementor-widget-container>.elementor-spacer>.elementor-spacer-inner{height:var(--container-widget-height,var(--spacer-size))}.e-con-inner>.elementor-widget-spacer.elementor-widget-empty,.e-con>.elementor-widget-spacer.elementor-widget-empty{position:relative;min-height:22px;min-width:22px}.e-con-inner>.elementor-widget-spacer.elementor-widget-empty .elementor-widget-empty-icon,.e-con>.elementor-widget-spacer.elementor-widget-empty .elementor-widget-empty-icon{position:absolute;top:0;bottom:0;left:0;right:0;margin:auto;padding:0;width:22px;height:22px}<\/style>\t\t<div class=\"elementor-spacer\">\n\t\t\t<div class=\"elementor-spacer-inner\"><\/div>\n\t\t<\/div>\n\t\t\t\t<\/div>\n\t\t\t\t<\/div>\n\t\t\t\t\t<\/div>\n\t\t<\/div>\n\t\t\t\t\t<\/div>\n\t\t<\/section>\n\t\t\t\t<section class=\"elementor-section elementor-top-section elementor-element elementor-element-0f7d791 elementor-section-boxed elementor-section-height-default elementor-section-height-default\" data-id=\"0f7d791\" data-element_type=\"section\">\n\t\t\t\t\t\t<div class=\"elementor-container elementor-column-gap-default\">\n\t\t\t\t\t<div class=\"elementor-column elementor-col-100 elementor-top-column elementor-element elementor-element-7be784b\" data-id=\"7be784b\" data-element_type=\"column\">\n\t\t\t<div class=\"elementor-widget-wrap elementor-element-populated\">\n\t\t\t\t\t\t<div class=\"elementor-element elementor-element-b8e2d3d elementor-widget elementor-widget-image\" data-id=\"b8e2d3d\" data-element_type=\"widget\" data-widget_type=\"image.default\">\n\t\t\t\t<div class=\"elementor-widget-container\">\n\t\t\t\t\t\t\t\t\t\t\t\t\t\t<a href=\"http:\/\/www.tintasolum.com.br\/site\/revestimento\/\">\n\t\t\t\t\t\t\t<img decoding=\"async\" width=\"1024\" height=\"205\" src=\"http:\/\/www.tintasolum.com.br\/site\/wp-content\/uploads\/2023\/12\/Design-sem-nome-1-1024x205.png\" class=\"attachment-large size-large wp-image-1066\" alt=\"\" srcset=\"http:\/\/www.tintasolum.com.br\/site\/wp-content\/uploads\/2023\/12\/Design-sem-nome-1-1024x205.png 1024w, http:\/\/www.tintasolum.com.br\/site\/wp-content\/uploads\/2023\/12\/Design-sem-nome-1-300x60.png 300w, http:\/\/www.tintasolum.com.br\/site\/wp-content\/uploads\/2023\/12\/Design-sem-nome-1-768x154.png 768w, http:\/\/www.tintasolum.com.br\/site\/wp-content\/uploads\/2023\/12\/Design-sem-nome-1-1536x307.png 1536w, http:\/\/www.tintasolum.com.br\/site\/wp-content\/uploads\/2023\/12\/Design-sem-nome-1-2048x410.png 2048w\" sizes=\"(max-width: 1024px) 100vw, 1024px\" \/>\t\t\t\t\t\t\t\t<\/a>\n\t\t\t\t\t\t\t\t\t\t\t\t\t<\/div>\n\t\t\t\t<\/div>\n\t\t\t\t\t<\/div>\n\t\t<\/div>\n\t\t\t\t\t<\/div>\n\t\t<\/section>\n\t\t\t\t<\/div>\n\t\t","protected":false},"excerpt":{"rendered":"<div class=\"slide-text-bg2\"><span>O Fundo Preparador Solum deve ser bem batido (n\u00e3o deixar pelotas e restos no fundo do balde) para n\u00e3o prejudicar a aplica\u00e7\u00e3o ou dificultar o trabalho d<\/span><\/div>\n<div class=\"slide-btn-area-sm\"><a href=\"http:\/\/www.tintasolum.com.br\/site\/fundo-preparador-2\/\" class=\"slide-btn-sm\">Ler mais<\/a><\/div>\n","protected":false},"author":1,"featured_media":0,"parent":0,"menu_order":0,"comment_status":"closed","ping_status":"closed","template":"fullwidth.php","meta":{"footnotes":""},"_links":{"self":[{"href":"http:\/\/www.tintasolum.com.br\/site\/wp-json\/wp\/v2\/pages\/325"}],"collection":[{"href":"http:\/\/www.tintasolum.com.br\/site\/wp-json\/wp\/v2\/pages"}],"about":[{"href":"http:\/\/www.tintasolum.com.br\/site\/wp-json\/wp\/v2\/types\/page"}],"author":[{"embeddable":true,"href":"http:\/\/www.tintasolum.com.br\/site\/wp-json\/wp\/v2\/users\/1"}],"replies":[{"embeddable":true,"href":"http:\/\/www.tintasolum.com.br\/site\/wp-json\/wp\/v2\/comments?post=325"}],"version-history":[{"count":8,"href":"http:\/\/www.tintasolum.com.br\/site\/wp-json\/wp\/v2\/pages\/325\/revisions"}],"predecessor-version":[{"id":1091,"href":"http:\/\/www.tintasolum.com.br\/site\/wp-json\/wp\/v2\/pages\/325\/revisions\/1091"}],"wp:attachment":[{"href":"http:\/\/www.tintasolum.com.br\/site\/wp-json\/wp\/v2\/media?parent=325"}],"curies":[{"name":"wp","href":"https:\/\/api.w.org\/{rel}","templated":true}]}}